/((-1)/(-2)*2) - -126. Suppose h*n - 118*n - 168 = 0. List the prime factors of n.
2, 7
Let j = -1019 + 1921. List the prime factors of j.
2, 11, 41
Let d(q) = 5*q + 61. Let n be d(-11). List the prime factors of (2/n)/(1/1557)*1.
3, 173
Suppose 0 = 31*h + 47916 + 6055. Let n = -1025 - h. What are the prime factors of n?
2, 179
Suppose -5*k = -5*p + 4*p - 20070, 4023 = k - 2*p. What are the prime factors of k?
4013
Suppose -4*p + 73 = c, -9*c + 251 = -6*c - 4*p. Suppose 2*x - 1 = 1. Let r = c - x. What are the prime factors of r?
2, 5
Suppose 3*r - 3 = 0, -y + 7 + 6 = 4*r. Suppose -12089 + 2108 = -y*m. What are the prime factors of m?
1109
Suppose -4376 = 7*v - 16192. Let q = v - 576. List the prime factors of q.
2, 139
Let y(b) = -3735*b + 93. What are the prime factors of y(-2)?
3, 2521
Let g(r) = 77*r**3 - 21*r**2 + 17*r + 58. What are the prime factors of g(7)?
61, 419
Let h be 3 - (-4)/((-4)/5). List the prime factors of h/((-8)/(-6) - (-10254)/(-7677)).
853
Let l(q) = 2*q - 8. Let z be (-4 - -5)/(1/11). Let o be l(z). Suppose -o*i + 18*i = 348. List the prime factors of i.
3, 29
Let m(a) = a + 4. Let p be m(-5). Let s be (p + 155/20)*-4. Let k = s + 51. List the prime factors of k.
2, 3
Let m be (-86 - 7)/((-6)/8). Let p(w) = 3*w**2 + 4*w - 4. Let u be p(9). Suppose 0 = -7*a + m + u. What are the prime factors of a?
3, 19
Suppose -191*l = -3363411 + 139140. What are the prime factors of l?
3, 17, 331
Suppose 2*m = -7*m + 369. Let a = m + -38. List the prime factors of (-81)/(-2) - (27/6)/a.
3, 13
Let y be 180*(-1 + (-272)/(-24)). Suppose -a + 9 = -0*a. Suppose -u + y = a*u. What are the prime factors of u?
2, 3, 31
List the prime factors of (-53852)/(-9) - (-17 + 745/45).
2, 11, 17
Suppose -31*h + 36*h = 0, -4*g + h + 67852 = 0. List the prime factors of g.
16963
Let f = 5994 + -1835. What are the prime factors of f?
4159
Let b(k) = -323*k - 978. List the prime factors of b(-40).
2, 7, 853
Suppose -5*b - 4 = 1, 0 = 2*s + 3*b - 7833. What are the prime factors of s?
2, 3, 653
Suppose o = 2*o - 3*x + 438, -x + 5 = 0. Let h = 1528 - 887. Let m = h + o. What are the prime factors of m?
2, 109
Let w(o) = -o**2 - 2*o + 1. Let c be w(-3). Let n be 32/(-10)*(1 - 43/c). Let k = n + 181. What are the prime factors of k?
109
Let d(j) = 2*j**3 - 19*j**2 - 273*j - 30. What are the prime factors of d(21)?
2, 3, 5, 73
Let r = 32694 - 955. List the prime factors of r.
17, 1867
Let q be 4 + 0 - 1 - 1. Suppose 5*o - q = -17. Let t(c) = -83*c - 7. List the prime factors of t(o).
2, 11
Let p(w) = 20*w**3 - w**2 + 3*w + 18. What are the prime factors of p(5)?
2, 3, 11, 19
Suppose -3*u - 2*s = 545, 185 = -u + 14*s - 13*s. Let j = u + 249. List the prime factors of j.
2, 3, 11
Let g be 3 + -4 - (-6 - (-4)/2). Suppose 0 = -g*j + 2*r + 32, -3*r - 2*r = 3*j - 25. Suppose 348 + 222 = j*n. What are the prime factors of n?
3, 19
Suppose 0 = -2*f + 8, 0 = -v + 4*f + 5008 + 3328. What are the prime factors of v?
2, 3, 29
Let q(i) = 3155*i - 8337. List the prime factors of q(7).
2, 7, 491
Suppose 8*d = 6 + 90. Suppose -1003 = -i + 3*o - 261, 4*o = d. What are the prime factors of i?
751
Let i(w) = 90*w + 133. What are the prime factors of i(85)?
43, 181
Let l = 17370 - -2692. List the prime factors of l.
2, 7, 1433
Suppose -278*o + 872078 = -1603795 - 3565067. What are the prime factors of o?
2, 5, 41, 53
Let p = 119 - 30. Let m = p - 59. List the prime factors of m.
2, 3, 5
Let c = -1 + 3. Let t be (18/(-7) + c)/((-48)/168). Suppose -t*j = -3*m + 739, -m + 249 = -0*m + 2*j. List the prime factors of m.
13, 19
Let y = 56633 + -37587. List the prime factors of y.
2, 89, 107
Let y(c) = 198*c**2 - 2*c - 625. What are the prime factors of y(-14)?
3, 47, 271
Suppose 1116 = -7*s - 5*s. Let f be -5 + (5 - 3) - 159. Let h = s - f. List the prime factors of h.
3, 23
Suppose 3*o + 3*y - 60661 = y, -10*y = -20. What are the prime factors of o?
20219
Suppose 32*z = -3*z - 67581 + 1165636. What are the prime factors of z?
137, 229
Suppose i - 28 = -19. Suppose -41 = -8*a - i. Suppose 5*j - 1185 = -5*h, -a*h - h + 1158 = -4*j. List the prime factors of h.
2, 3, 13
List the prime factors of (16/20)/((-2)/10)*(-149621)/628.
953
Let o = 87757 + -52177. What are the prime factors of o?
2, 3, 5, 593
Suppose 6296*o = 5*a + 6291*o - 146855, 2*a = -4*o + 58712. List the prime factors of a.
2, 14683
Let d(g) = g**3 - 9*g**2 - 40*g + 5. List the prime factors of d(21).
4457
Suppose -1009707 + 5291 = -118*f. What are the prime factors of f?
2, 7, 19
Let v(s) = -10*s**2 - 17*s - 74. Let h(u) = 11*u**2 + 17*u + 73. Let f(i) = -4*h(i) - 5*v(i). List the prime factors of f(-15).
3, 17, 23
Suppose 2*a + 10184 = 5*z, -12*z - a + 6117 = -9*z. What are the prime factors of z?
2, 1019
Let l(o) = -3*o - 3. Suppose j + 2*d + 22 - 6 = 0, -2*d + 20 = -j. Let p = -26 - j. List the prime factors of l(p).
3, 7
Suppose 7*n - 910 = 2*n + 4*g, 4*n - 3*g = 728. Let d be -120 + 0/(-1 + 2). Let q = d + n. What are the prime factors of q?
2, 31
Let a(w) = -88*w**3 + 5*w**2 + 4*w - 3. Let n be a(-3). Suppose -74*r + 68*r + n = 0. What are the prime factors of r?
401
Let r be (-4)/16*2*2 + 9. Let n be r/10*(-20)/(-2). Suppose 2*t = 32 - n. List the prime factors of t.
2, 3
Let m(d) = 8*d**2 - 12*d - 106. What are the prime factors of m(23)?
2, 5, 7, 11
Suppose -4*m + 130700 = 4*b, -3*b + 3*m + 15172 + 82883 = 0. List the prime factors of b.
2, 5, 19, 43
What are the prime factors of -2*(3 + -1) + (-18032)/24*-6?
2, 563
Let h be (-8)/6*(-51)/34. List the prime factors of (h*(-4)/(-8))/(5/2305).
461
Let g(y) = 11*y**2 + 4*y - 13. Let a be g(4). Suppose -17 = -2*n - 11. Suppose a = n*l - 244. What are the prime factors of l?
3, 47
Let b be ((-1404)/45 - -6)*(56 - 1). Let u = 2227 + b. What are the prime factors of u?
29
Let l = -21610 + 40644. What are the prime factors of l?
2, 31, 307
Let c(v) be the third derivative of -v**4/12 + 9*v**3/2 + 2*v**2 - 63. List the prime factors of c(7).
13
Let x = 34701 - 24022. What are the prime factors of x?
59, 181
Let v be (44/11)/(0 - -1). Suppose -2*g = -5*p - 6, -2*p - 2 - v = g. What are the prime factors of g + 1 + 99 + 1?
3, 11
Suppose -15*x + 2033 + 154912 = 0. What are the prime factors of x?
10463
Suppose 6*f + 23444 = 4*v + 7*f, -3*v + 5*f = -17606. What are the prime factors of v?
2, 3, 977
Let f(s) = -64*s + 68*s**3 + 27*s**2 + 55 + 19 - 67*s**3 - 25. What are the prime factors of f(-28)?
7, 151
Suppose z + 3*z = -4*u + 21256, -5*z - 4*u = -26565. What are the prime factors of z?
5309
Let y(f) = -f**3 - 14*f**2 + 13. Let s be y(-14). Suppose 3*o = -5 - s. Let g = 35 - o. What are the prime factors of g?
41
List the prime factors of (9 - ((-19)/2 + 6))*198.
3, 5, 11
Let c(u) = 191*u**2 - 123*u - 275. What are the prime factors of c(-14)?
3, 13, 997
Suppose -4*k = -5*n + 187252, 341*k - 37484 = -n + 346*k. What are the prime factors of n?
2, 11, 23, 37
Suppose -1725033 + 7086223 = 194*o. What are the prime factors of o?
5, 5527
Let a = 6248 + 33748. What are the prime factors of a?
2, 3, 11, 101
Let n be (-2)/(((-1)/4)/((-2634)/(-12))). Suppose 9*v = n - 703. What are the prime factors of v?
3, 13
Let h be 1 - 4/(-12)*3/1. Suppose -3918 = -3*x + h*o, -9230 + 2684 = -5*x - 2*o. List the prime factors of x.
2, 3, 109
Let x(l) = -2*l**3 - 48*l**2 + l + 29. Let o be x(-24). Suppose -2*s - 743 = -3*p - 3*s, o*s + 1245 = 5*p. What are the prime factors of p?
2, 31
Let r = -93 + 90. Let j be 1/r - (-120)/36. Suppose 163 + 152 = j*o. What are the prime factors of o?
3, 5, 7
Suppose -4*b - 2*o - 6 - 2 = 0, -4*b = -o - 4. Suppose -y - z + 45 = b, z + 32 = y - 7. Let p = y - 18. What are the prime factors of p?
2, 3
Suppose y + 3*y = 0. Suppose 7*o - 77 - 168 = y. Let a = o - 29. What are the prime factors of a?
2, 3
Let k(d) = -28*d + 4*d**2 + 274*d**2 + 23*d - 32*d**2. List the prime factors of k(2).
2, 487
Let t = 13493 + -7248. List the prime factors of t.
5, 1249
Let s be 0 + (-4 - -2 - -4). Let t(v) = v**3 - 12*v**2 - 27*v - 7. Let l be t(14). List the prime factors of (-14)/l*(-172)/s.
2, 43
Let t = 88 - 83. Suppose 6*d = d - x + 1194, t*x + 694 = 3*d. Let b = -125 + d. What are the prime factors of b?
113
Suppose -140 = 3*l - 8*l + 2*j, 0 = 2*l + 4*j - 32. Suppose r + 2